13) to base 16
100
What is 5 (base 10) in base 12?
5
325 (base 7) to base 5
1131
100 (base 4) to base 6
24
3 (base 11) to base 15
3
What is -e (base 15) in base 6?
-22
What is -21 (base 4) in base 6?
-13
-1 (base 15) to base 12
-1
Convert 20102 (base 3) to base 5.
1143
What is -270 (base 12) in base 4?
-11310
Convert 25 (base 8) to base 14.
17
What is -10a (base 11) in base 13?
-a1
57 (base 11) to base 15
42
2 (base 12) to base 11
2
-c (base 15) to base 16
-c
57 (base 9) to base 10
52
What is -3 (base 16) in base 15?
-3
Convert -12 (base 5) to base 11.
-7
What is -3 (base 10) in base 12?
-3
Convert 2 (base 4) to base 8.
2
What is 76 (base 13) in base 11?
89
220 (base 12) to base 15
15c
3a (base 13) to base 5
144
-215 (base 7) to base 6
-302
What is a (base 16) in base 3?
101
-100110001 (base 2) to base 5
-2210
Convert -1 (base 3) to base 4.
-1
What is 0 (base 9) in base 10?
0
4 (base 14) to base 15
4
0 (base 9) to base 5
0
What is -2 (base 3) in base 8?
-2
Convert 4 (base 12) to base 11.
4
Convert 4 (base 14) to base 5.
4
Convert -102 (base 6) to base 4.
-212
37 (base 11) to base 10
40
What is 29 (base 10) in base 3?
1002
-2 (base 13) to base 12
-2
4 (base 9) to base 13
4
What is c (base 14) in base 7?
15
Convert 13 (base 16) to base 3.
201
What is 31 (base 5) in base 8?
20
Convert -123 (base 5) to base 15.
-28
What is -7 (base 14) in base 4?
-13
2 (base 4) to base 7
2
4d (base 14) to base 3
2120
15 (base 8) to base 9
14
-2 (base 14) to base 15
-2
Convert -2 (base 5) to base 12.
-2
Convert 23 (base 5) to base 14.
d
Convert 3 (base 4) to base 13.
3
What is 1 (base 7) in base 5?
1
-20 (base 9) to base 12
-16
Convert 15 (base 7) to base 3.
110
Convert -7 (base 15) to base 12.
-7
What is -324 (base 5) in base 6?
-225
10123 (base 4) to base 13
18a
Convert 4 (base 10) to base 13.
4
-4 (base 7) to base 2
-100
What is 3 (base 11) in base 4?
3
Convert 110100 (base 2) to base 8.
64
5 (base 6) to base 12
5
Convert 14 (base 6) to base 15.
a
Convert -2 (base 3) to base 8.
-2
Convert 1 (base 8) to base 14.
1
Convert -8 (base 9) to base 16.
-8
What is -11 (base 2) in base 15?
-3
What is 48 (base 15) in base 14?
4c
13 (base 7) to base 6
14
0 (base 11) to base 12
0
Convert -111100 (base 2) to base 11.
-55
What is 1011100 (base 2) in base 7?
161
9 (base 15) to base 13
9
Convert e (base 15) to base 9.
15
-2 (base 16) to base 3
-2
-2 (base 8) to base 3
-2
Convert 40 (base 9) to base 13.
2a
What is 2 (base 6) in base 8?
2
What is 0 (base 5) in base 13?
0
What is -1 (base 7) in base 12?
-1
-24 (base 16) to base 13
-2a
Convert 1001 (base 3) to base 2.
11100
Convert 4 (base 8) to base 15.
4
Convert -56 (base 16) to base 5.
-321
Convert -121 (base 4) to base 15.
-1a
73 (base 12) to base 13
69
-13 (base 12) to base 4
-33
-a (base 15) to base 16
-a
What is 35 (base 7) in base 14?
1c
4 (base 14) to base 13
4
204 (base 5) to base 3
2000
Convert -60 (base 13) to base 12.
-66
-2 (base 3) to base 15
-2
What is -54 (base 8) in base 12?
-38
What is 24 (base 7) in base 5?
33
20 (base 4) to base 7
11
Convert 21021 (base 3) to base 5.
1241
-10 (base 8) to base 11
-8
What is -11b (base 12) in base 2?
-10100111
Convert c (base 15) to base 2.
1100
What is 21220 (base 3) in base 6?
553
2 (base 13) to base 11
2
What is -2d (base 14) in base 10?
-41
What is 5 (base 14) in base 16?
5
What is -101 (base 2) in base 11?
-5
Convert 2 (base 3) to base 10.
2
6 (base 7) to base 4
12
What is 7 (base 9) in base 16?
7
Convert 3 (base 11) to base 9.
3
1204 (base 5) to base 2
10110011
What is 2 (base 13) in base 7?
2
What is -20 (base 6) in base 8?
-14
What is 2042 (base 5) in base 3?
101002
-40 (base 7) to base 4
-130
-2 (base 13) to base 9
-2
Convert 46 (base 12) to base 3.
2000
Convert 2 (base 6) to base 9.
2
Convert -3 (base 11) to base 12.
-3
9 (base 14) to base 16
9
Convert -8 (base 9) to base 14.
-8
3 (base 8) to base 11
3
What is -1 (base 13) in base 16?
-1
What is 1001 (base 2) in base 12?
9
Convert -5 (base 7) to base 10.
-5
21 (base 4) to base 3
100
Convert -6a (base 13) to base 2.
-1011000
Convert 23 (base 16) to base 8.
43
What is 12 (base 15) in base 3?
122
Convert -2 (base 3) to base 14.
-2
-8 (base 16) to base 9
-8
What is 200 (base 4) in base 11?
2a
Convert 2 (base 8) to base 7.
2
-2 (base 7) to base 13
-2
Convert 15 (base 9) to base 8.
16
5 (base 12) to base 11
5
Convert -58 (base 14) to base 10.
-78
Convert -11 (base 4) to base 10.
-5
What is -1d (base 15) in base 7?
-40
Convert -4 (base 13) to base 8.
-4
-20 (base 3) to base 15
-6
10 (base 4) to base 6
4
What is 10011 (base 2) in base 16?
13
Convert -126 (base 13) to base 6.
-533
Convert -5 (base 15) to base 6.
-5
What is 1e (base 15) in base 6?
45
What is -13 (base 6) in base 12?
-9
What is -2 (base 3) in base 12?
-2
Convert -365 (base 11) to base 16.
-1b2
What is 140 (base 5) in base 9?
50
What is 42 (base 11) in base 14?
34
Convert -255 (base 10) to base 3.
-100110
What is -38 (base 11) in base 5?
-131
Convert 63 (base 9) to base 4.
321
What is 1 (base 14) in base 5?
1
100 (base 2) to base 4
10
What is -1 (base 15) in base 4?
-1
What is -4 (base 10) in base 3?
-11
What is -3c (base 14) in base 5?
-204
What is 14 (base 9) in base 3?
111
What is -100221 (base 3) in base 16?
-10c
Convert 2e (base 15) to base 7.
62
What is -1 (base 16) in base 10?
-1
-3 (base 8) to base 5
-3
What is 5 (base 16) in base 3?
12
What is -6 (base 11) in base 2?
-110
10 (base 2) to base 8
2
What is 112 (base 6) in base 15?
2e
84 (base 9) to base 2
1001100
What is 33 (base 12) in base 5?
124
What is 3 (base 9) in base 12?
3
What is 2 (base 6) in base 11?
2
168 (base 12) to base 5
1344
What is -156 (base 9) in base 14?
-96
What is -1001000 (base 2) in base 3?
-2200
0 (base 3) to base 12
0
Convert 0 (base 13) to base 9.
0
Convert 20 (base 14) to base 7.
40
What is 8 (base 10) in base 12?
8
347 (base 8) to base 4
3213
Convert 1 (base 2) to base 4.
1
What is 1011001 (base 2) in base 16?
59
4 (base 14) to base 3
11
10 (base 4) to base 3
11
What is -101200 (base 3) in base 14?
-168
11 (base 3) to base 5
4
What is -100 (base 2) in base 7?
-4
-1 (base 15) to base 11
-1
What is -13 (base 9) in base 10?
-12
What is -344 (base 9) in base 6?
-1151
Convert -89 (base 14) to base 13.
-94
110 (base 5) to base 15
20
What is -6b (base 12) in base 5?
-313
Convert 42 (base 10) to base 7.
60
-3 (base 10) to base 15
-3
What is -12 (base 5) in base 9?
-7
What is 89 (base 12) in base 4?
1221
Convert c2 (base 16) to base 5.
1234
19a (base 15) to base 10
370
Convert -1 (base 3) to base 8.
-1
12 (base 14) to base 3
121
What is -1 (base 5) in base 14?
-1
Convert -48 (base 10) to base 7.
-66
What is -321 (base 4) in base 10?
-57
-108 (base 14) to base 9
-246
-1010001 (base 2) to base 9
-100
Convert 6 (base 11) to base 13.
6
-2 (base 12) to base 8
-2
20 (base 8) to base 9
17
What is -110 (base 6) in base 9?
-46
-48 (base 9) to base 12
-38
What is -11 (base 5) in base 3?
-20
Convert 1000010 (base 2) to base 12.
56
What is 3 (base 12) in base 4?
3
-11 (base 14) to base 13
-12
4 (base 14) to base 3
11
Convert 6 (base 11) to base 7.
6
What is 44 (base 6) in base 13?
22
-1 (base 6) to base 12
-1
What is 142 (base 6) in base 5?
222
Convert 14 (base 6) to base 11.
a
Convert 11 (base 7) to base 10.
8
What is -55 (base 6) in base 2?
-100011
Convert 12 (base 7) to base 9.
10
102 (base 4) to base 8
22
12 (base 8) to base 15
a
Convert -4 (base 12) to base 3.
-11
Convert 32 (base 4) to base 2.
1110
3 (base 11) to base 2
11
210 (base 3) to base 4
111
18 (base 13) to base 3
210
Convert 40 (base 16) to base 6.
144
-13 (base 4) to base 6
-11
What is 24 (base 9) in base 5?
42
Convert 2b (base 16) to base 13.
34
What is -1111010 (base 2) in base 6?
-322
110 (base 6) to base 11
39
Convert -1 (base 12) to base 9.
-1
What is 11 (base 16) in base 10?
17
Convert 60 (base 11) to base 12.
56
Convert 0 (base 10) to base 5.
0
What is 311 (base 6) in base 2?
1110011
-1 (base 5) to base 7
-1
1 (base 13) to base 7
1
Convert 87 (base 11) to base 13.
74
What is b5 (base 12) in base 10?
137
Convert -5 (base 10) to base 6.
-5
What is -3 (base 7) in base 15?
-3
-1 (base 5) to base 8
-1
Convert 3b (base 12) to base 8.
57
14 (base 9) to base 11
12
-23 (base 9) to base 8
-25
What is 0 (base 3) in base 14?
0
What is 